{"id":14,"date":"2021-12-17T09:03:15","date_gmt":"2021-12-17T08:03:15","guid":{"rendered":"http:\/\/whoolchip.local\/saint-etienne\/?page_id=14"},"modified":"2023-12-21T10:50:16","modified_gmt":"2023-12-21T09:50:16","slug":"balades","status":"publish","type":"page","link":"https:\/\/ousortirfrance.com\/lyon\/balades\/","title":{"rendered":"Balades"},"content":{"rendered":"\t\t<div data-elementor-type=\"wp-page\" data-elementor-id=\"14\" class=\"elementor elementor-14\">\n\t\t\t\t\t\t\t\t\t<section class=\"elementor-section elementor-top-section elementor-element elementor-element-30927f86 elementor-section-boxed elementor-section-height-default elementor-section-height-default\" data-id=\"30927f86\" data-element_type=\"section\" data-settings=\"{&quot;background_background&quot;:&quot;classic&quot;}\">\n\t\t\t\t\t\t\t<div class=\"elementor-background-overlay\"><\/div>\n\t\t\t\t\t\t\t<div class=\"elementor-container elementor-column-gap-default\">\n\t\t\t\t\t<div class=\"elementor-column elementor-col-100 elementor-top-column elementor-element elementor-element-75b37d6e\" data-id=\"75b37d6e\" data-element_type=\"column\">\n\t\t\t<div class=\"elementor-widget-wrap elementor-element-populated\">\n\t\t\t\t\t\t\t\t<div class=\"elementor-element elementor-element-3d120061 elementor-widget elementor-widget-heading\" data-id=\"3d120061\" data-element_type=\"widget\" data-widget_type=\"heading.default\">\n\t\t\t\t<div class=\"elementor-widget-container\">\n\t\t\t<style>\/*! elementor - v3.13.3 - 28-05-2023 *\/\n.elementor-heading-title{padding:0;margin:0;line-height:1}.elementor-widget-heading .elementor-heading-title[class*=elementor-size-]>a{color:inherit;font-size:inherit;line-height:inherit}.elementor-widget-heading .elementor-heading-title.elementor-size-small{font-size:15px}.elementor-widget-heading .elementor-heading-title.elementor-size-medium{font-size:19px}.elementor-widget-heading .elementor-heading-title.elementor-size-large{font-size:29px}.elementor-widget-heading .elementor-heading-title.elementor-size-xl{font-size:39px}.elementor-widget-heading .elementor-heading-title.elementor-size-xxl{font-size:59px}<\/style><h1 class=\"elementor-heading-title elementor-size-default\">Se promener dans Lyon<\/h1>\t\t<\/div>\n\t\t\t\t<\/div>\n\t\t\t\t\t<\/div>\n\t\t<\/div>\n\t\t\t\t\t\t\t<\/div>\n\t\t<\/section>\n\t\t\t\t<section class=\"elementor-section elementor-top-section elementor-element elementor-element-1e9ac8e1 elementor-section-boxed elementor-section-height-default elementor-section-height-default\" data-id=\"1e9ac8e1\" data-element_type=\"section\">\n\t\t\t\t\t\t<div class=\"elementor-container elementor-column-gap-default\">\n\t\t\t\t\t<div class=\"elementor-column elementor-col-100 elementor-top-column elementor-element elementor-element-9531721\" data-id=\"9531721\" data-element_type=\"column\">\n\t\t\t<div class=\"elementor-widget-wrap elementor-element-populated\">\n\t\t\t\t\t\t\t\t<div class=\"elementor-element elementor-element-4e593717 elementor-widget elementor-widget-text-editor\" data-id=\"4e593717\" data-element_type=\"widget\" data-widget_type=\"text-editor.default\">\n\t\t\t\t<div class=\"elementor-widget-container\">\n\t\t\t<style>\/*! elementor - v3.13.3 - 28-05-2023 *\/\n.elementor-widget-text-editor.elementor-drop-cap-view-stacked .elementor-drop-cap{background-color:#69727d;color:#fff}.elementor-widget-text-editor.elementor-drop-cap-view-framed .elementor-drop-cap{color:#69727d;border:3px solid;background-color:transparent}.elementor-widget-text-editor:not(.elementor-drop-cap-view-default) .elementor-drop-cap{margin-top:8px}.elementor-widget-text-editor:not(.elementor-drop-cap-view-default) .elementor-drop-cap-letter{width:1em;height:1em}.elementor-widget-text-editor .elementor-drop-cap{float:left;text-align:center;line-height:1;font-size:50px}.elementor-widget-text-editor .elementor-drop-cap-letter{display:inline-block}<\/style>\t\t\t\t<p>Rep\u00e9rez vos futures balades en plein c\u0153ur de la ville ou en p\u00e9riph\u00e9rie, dans les ruelles ou immerg\u00e9 dans un immense parc.<\/p>\t\t\t\t\t\t<\/div>\n\t\t\t\t<\/div>\n\t\t\t\t\t<\/div>\n\t\t<\/div>\n\t\t\t\t\t\t\t<\/div>\n\t\t<\/section>\n\t\t\t\t<section class=\"elementor-section elementor-top-section elementor-element elementor-element-713a8707 elementor-section-boxed elementor-section-height-default elementor-section-height-default\" data-id=\"713a8707\" data-element_type=\"section\">\n\t\t\t\t\t\t<div class=\"elementor-container elementor-column-gap-default\">\n\t\t\t\t\t<div class=\"elementor-column elementor-col-100 elementor-top-column elementor-element elementor-element-2f0066a0\" data-id=\"2f0066a0\" data-element_type=\"column\">\n\t\t\t<div class=\"elementor-widget-wrap elementor-element-populated\">\n\t\t\t\t\t\t\t\t<div class=\"elementor-element elementor-element-4a994e65 elementor-widget elementor-widget-cv_post\" data-id=\"4a994e65\" data-element_type=\"widget\" data-settings=\"{&quot;background_background&quot;:&quot;classic&quot;}\" data-widget_type=\"cv_post.default\">\n\t\t\t\t<div class=\"elementor-widget-container\">\n\t\t\t<div class=\"cv-posts grid-img-bg col-4\"><article class=\"post-item\" data-category=\"balades\"><div class=\"post-img\"><span class=\"elementor-background-overlay\"><\/span><img width=\"1389\" height=\"924\" src=\"https:\/\/ousortirfrance.com\/lyon\/wp-content\/uploads\/sites\/8\/2021\/10\/ou-se-baigner-pres-de-lyon-miribel-jonage.png\" class=\"attachment-blog size-blog wp-post-image\" alt=\"Se Baigner pr\u00e8s de Lyon Miribel Jonage\" decoding=\"async\" loading=\"lazy\" itemprop=\"image\" srcset=\"https:\/\/ousortirfrance.com\/lyon\/wp-content\/uploads\/sites\/8\/2021\/10\/ou-se-baigner-pres-de-lyon-miribel-jonage.png 1389w, https:\/\/ousortirfrance.com\/lyon\/wp-content\/uploads\/sites\/8\/2021\/10\/ou-se-baigner-pres-de-lyon-miribel-jonage-300x200.png 300w, https:\/\/ousortirfrance.com\/lyon\/wp-content\/uploads\/sites\/8\/2021\/10\/ou-se-baigner-pres-de-lyon-miribel-jonage-1024x681.png 1024w, https:\/\/ousortirfrance.com\/lyon\/wp-content\/uploads\/sites\/8\/2021\/10\/ou-se-baigner-pres-de-lyon-miribel-jonage-768x511.png 768w\" sizes=\"(max-width: 1389px) 100vw, 1389px\" \/><\/div><div class=\"post-info\"><h2 class=\"title\">Grand Parc Miribel<\/h2><p class=\"post-categories\"><span>Balades<\/span><\/p><div><div class=\"read-more\"><span class=\"elementor-button-content-wrapper\"><span class=\"elementor-button-text\">En savoir plus<\/span><\/span><\/div><\/div><\/div><a href=\"https:\/\/ousortirfrance.com\/lyon\/balade\/grand-parc-miribel\/\" title=\"Grand Parc Miribel\" class=\"post-link\"><\/a><\/article><article class=\"post-item\" data-category=\"balades\"><div class=\"post-img\"><span class=\"elementor-background-overlay\"><\/span><img width=\"1502\" height=\"1000\" src=\"https:\/\/ousortirfrance.com\/lyon\/wp-content\/uploads\/sites\/8\/2021\/10\/jardin3.jpg\" class=\"attachment-blog size-blog wp-post-image\" alt=\"ville arc\" decoding=\"async\" loading=\"lazy\" itemprop=\"image\" srcset=\"https:\/\/ousortirfrance.com\/lyon\/wp-content\/uploads\/sites\/8\/2021\/10\/jardin3.jpg 1502w, https:\/\/ousortirfrance.com\/lyon\/wp-content\/uploads\/sites\/8\/2021\/10\/jardin3-300x200.jpg 300w, https:\/\/ousortirfrance.com\/lyon\/wp-content\/uploads\/sites\/8\/2021\/10\/jardin3-1024x682.jpg 1024w, https:\/\/ousortirfrance.com\/lyon\/wp-content\/uploads\/sites\/8\/2021\/10\/jardin3-768x511.jpg 768w\" sizes=\"(max-width: 1502px) 100vw, 1502px\" \/><\/div><div class=\"post-info\"><h2 class=\"title\">Le Jardin des Curiosit\u00e9s<\/h2><p class=\"post-categories\"><span>Balades<\/span><\/p><div><div class=\"read-more\"><span class=\"elementor-button-content-wrapper\"><span class=\"elementor-button-text\">En savoir plus<\/span><\/span><\/div><\/div><\/div><a href=\"https:\/\/ousortirfrance.com\/lyon\/balade\/le-jardin-des-curiosites\/\" title=\"Le Jardin des Curiosit\u00e9s\" class=\"post-link\"><\/a><\/article><article class=\"post-item\" data-category=\"balades\"><div class=\"post-img\"><span class=\"elementor-background-overlay\"><\/span><img width=\"1440\" height=\"2560\" src=\"https:\/\/ousortirfrance.com\/lyon\/wp-content\/uploads\/sites\/8\/2022\/02\/3b-scaled.jpg\" class=\"attachment-blog size-blog wp-post-image\" alt=\"traboules en l&#039;air Lyon\" decoding=\"async\" loading=\"lazy\" itemprop=\"image\" srcset=\"https:\/\/ousortirfrance.com\/lyon\/wp-content\/uploads\/sites\/8\/2022\/02\/3b-scaled.jpg 1440w, https:\/\/ousortirfrance.com\/lyon\/wp-content\/uploads\/sites\/8\/2022\/02\/3b-169x300.jpg 169w, https:\/\/ousortirfrance.com\/lyon\/wp-content\/uploads\/sites\/8\/2022\/02\/3b-576x1024.jpg 576w, https:\/\/ousortirfrance.com\/lyon\/wp-content\/uploads\/sites\/8\/2022\/02\/3b-768x1365.jpg 768w, https:\/\/ousortirfrance.com\/lyon\/wp-content\/uploads\/sites\/8\/2022\/02\/3b-864x1536.jpg 864w, https:\/\/ousortirfrance.com\/lyon\/wp-content\/uploads\/sites\/8\/2022\/02\/3b-1152x2048.jpg 1152w\" sizes=\"(max-width: 1440px) 100vw, 1440px\" \/><\/div><div class=\"post-info\"><h2 class=\"title\">Les Traboules lyonnaises<\/h2><p class=\"post-categories\"><span>Balades<\/span><\/p><div><div class=\"read-more\"><span class=\"elementor-button-content-wrapper\"><span class=\"elementor-button-text\">En savoir plus<\/span><\/span><\/div><\/div><\/div><a href=\"https:\/\/ousortirfrance.com\/lyon\/balade\/les-traboules-lyonnaises\/\" title=\"Les Traboules lyonnaises\" class=\"post-link\"><\/a><\/article><article class=\"post-item\" data-category=\"balades\"><div class=\"post-img\"><span class=\"elementor-background-overlay\"><\/span><img width=\"1502\" height=\"1000\" src=\"https:\/\/ousortirfrance.com\/lyon\/wp-content\/uploads\/sites\/8\/2022\/02\/pont-parc-tete-dor.jpg\" class=\"attachment-blog size-blog wp-post-image\" alt=\"pont lyon parc de la t\u00eate d&#039;or\" decoding=\"async\" loading=\"lazy\" itemprop=\"image\" srcset=\"https:\/\/ousortirfrance.com\/lyon\/wp-content\/uploads\/sites\/8\/2022\/02\/pont-parc-tete-dor.jpg 1502w, https:\/\/ousortirfrance.com\/lyon\/wp-content\/uploads\/sites\/8\/2022\/02\/pont-parc-tete-dor-300x200.jpg 300w, https:\/\/ousortirfrance.com\/lyon\/wp-content\/uploads\/sites\/8\/2022\/02\/pont-parc-tete-dor-1024x682.jpg 1024w, https:\/\/ousortirfrance.com\/lyon\/wp-content\/uploads\/sites\/8\/2022\/02\/pont-parc-tete-dor-768x511.jpg 768w\" sizes=\"(max-width: 1502px) 100vw, 1502px\" \/><\/div><div class=\"post-info\"><h2 class=\"title\">Parc de la T\u00eate d&rsquo;Or<\/h2><p class=\"post-categories\"><span>Balades<\/span><\/p><div><div class=\"read-more\"><span class=\"elementor-button-content-wrapper\"><span class=\"elementor-button-text\">En savoir plus<\/span><\/span><\/div><\/div><\/div><a href=\"https:\/\/ousortirfrance.com\/lyon\/balade\/parc-de-la-tete-dor\/\" title=\"Parc de la T\u00eate d&rsquo;Or\" class=\"post-link\"><\/a><\/article><article class=\"add-place\"><span class=\"elementor-background-overlay\"><\/span><p class=\"title-place\">Sugg\u00e9rez votre lieu favori<\/p><a href=\"https:\/\/docs.google.com\/forms\/d\/e\/1FAIpQLSc_D2FFqaJXAnkvs5W_WMUAMkwJuNx_hXAivrIv0edEVZSjYw\/viewform\" target=\"_blank\" rel=\"nofollow\" title=\"Sugg\u00e9rez votre lieu favori\" class=\"post-link\"><\/a><\/article><\/div>\t\t<\/div>\n\t\t\t\t<\/div>\n\t\t\t\t\t<\/div>\n\t\t<\/div>\n\t\t\t\t\t\t\t<\/div>\n\t\t<\/section>\n\t\t\t\t\t\t\t<\/div>\n\t\t","protected":false},"excerpt":{"rendered":"<p>Se promener dans Lyon Rep\u00e9rez vos futures balades en plein c\u0153ur de la ville ou en p\u00e9riph\u00e9rie, dans les ruelles ou immerg\u00e9 dans un immense parc. Grand Parc Miribel Balades En savoir plus Le Jardin des Curiosit\u00e9s Balades En savoir plus Les Traboules lyonnaises Balades En savoir plus Parc de la T\u00eate d&rsquo;Or Balades En &hellip;<\/p>\n<p class=\"read-more\"> <a class=\"\" href=\"https:\/\/ousortirfrance.com\/lyon\/resto\/antonio-et-marco\/\"> <span class=\"screen-reader-text\">Antonio et Marco<\/span> Lire la suite\u00a0\u00bb<\/a><\/p>\n","protected":false},"author":1,"featured_media":0,"parent":0,"menu_order":0,"comment_status":"closed","ping_status":"closed","template":"","meta":{"site-sidebar-layout":"no-sidebar","site-content-layout":"page-builder","ast-global-header-display":"","ast-banner-title-visibility":"","ast-main-header-display":"","ast-hfb-above-header-display":"","ast-hfb-below-header-display":"","ast-hfb-mobile-header-display":"","site-post-title":"disabled","ast-breadcrumbs-content":"","ast-featured-img":"disabled","footer-sml-layout":"","theme-transparent-header-meta":"","adv-header-id-meta":"","stick-header-meta":"","header-above-stick-meta":"","header-main-stick-meta":"","header-below-stick-meta":""},"yoast_head":"<!-- This site is optimized with the Yoast SEO plugin v20.9 - https:\/\/yoast.com\/wordpress\/plugins\/seo\/ -->\n<title>Balades - O\u00f9 Sortir ? Lyon<\/title>\n<meta name=\"robots\" content=\"index, follow, max-snippet:-1, max-image-preview:large, max-video-preview:-1\" \/>\n<link rel=\"canonical\" href=\"https:\/\/ousortirfrance.com\/lyon\/balades\/\" \/>\n<meta property=\"og:locale\" content=\"fr_FR\" \/>\n<meta property=\"og:type\" content=\"article\" \/>\n<meta property=\"og:title\" content=\"Balades - O\u00f9 Sortir ? Lyon\" \/>\n<meta property=\"og:description\" content=\"Se promener dans Lyon Rep\u00e9rez vos futures balades en plein c\u0153ur de la ville ou en p\u00e9riph\u00e9rie, dans les ruelles ou immerg\u00e9 dans un immense parc. Grand Parc Miribel Balades En savoir plus Le Jardin des Curiosit\u00e9s Balades En savoir plus Les Traboules lyonnaises Balades En savoir plus Parc de la T\u00eate d&rsquo;Or Balades En &hellip; Antonio et Marco Lire la suite\u00a0\u00bb\" \/>\n<meta property=\"og:url\" content=\"https:\/\/ousortirfrance.com\/lyon\/balades\/\" \/>\n<meta property=\"og:site_name\" content=\"O\u00f9 Sortir ? Lyon\" \/>\n<meta property=\"article:modified_time\" content=\"2023-12-21T09:50:16+00:00\" \/>\n<meta property=\"og:image\" content=\"https:\/\/ousortirfrance.com\/lyon\/wp-content\/uploads\/sites\/8\/2021\/10\/ou-se-baigner-pres-de-lyon-miribel-jonage.png\" \/>\n<meta name=\"twitter:card\" content=\"summary_large_image\" \/>\n<meta name=\"twitter:label1\" content=\"Dur\u00e9e de lecture estim\u00e9e\" \/>\n\t<meta name=\"twitter:data1\" content=\"2 minutes\" \/>\n<script type=\"application\/ld+json\" class=\"yoast-schema-graph\">{\"@context\":\"https:\/\/schema.org\",\"@graph\":[{\"@type\":\"WebPage\",\"@id\":\"https:\/\/ousortirfrance.com\/lyon\/balades\/\",\"url\":\"https:\/\/ousortirfrance.com\/lyon\/balades\/\",\"name\":\"Balades - O\u00f9 Sortir ? Lyon\",\"isPartOf\":{\"@id\":\"https:\/\/ousortirfrance.com\/lyon\/#website\"},\"datePublished\":\"2021-12-17T08:03:15+00:00\",\"dateModified\":\"2023-12-21T09:50:16+00:00\",\"breadcrumb\":{\"@id\":\"https:\/\/ousortirfrance.com\/lyon\/balades\/#breadcrumb\"},\"inLanguage\":\"fr-FR\",\"potentialAction\":[{\"@type\":\"ReadAction\",\"target\":[\"https:\/\/ousortirfrance.com\/lyon\/balades\/\"]}]},{\"@type\":\"BreadcrumbList\",\"@id\":\"https:\/\/ousortirfrance.com\/lyon\/balades\/#breadcrumb\",\"itemListElement\":[{\"@type\":\"ListItem\",\"position\":1,\"name\":\"Accueil\",\"item\":\"https:\/\/ousortirfrance.com\/lyon\/\"},{\"@type\":\"ListItem\",\"position\":2,\"name\":\"Balades\"}]},{\"@type\":\"WebSite\",\"@id\":\"https:\/\/ousortirfrance.com\/lyon\/#website\",\"url\":\"https:\/\/ousortirfrance.com\/lyon\/\",\"name\":\"O\u00f9 Sortir ? Lyon\",\"description\":\"Un site utilisant O\u00f9 Sortir ? France\",\"publisher\":{\"@id\":\"https:\/\/ousortirfrance.com\/lyon\/#organization\"},\"potentialAction\":[{\"@type\":\"SearchAction\",\"target\":{\"@type\":\"EntryPoint\",\"urlTemplate\":\"https:\/\/ousortirfrance.com\/lyon\/?s={search_term_string}\"},\"query-input\":\"required name=search_term_string\"}],\"inLanguage\":\"fr-FR\"},{\"@type\":\"Organization\",\"@id\":\"https:\/\/ousortirfrance.com\/lyon\/#organization\",\"name\":\"O\u00f9 Sortir ? Lyon\",\"url\":\"https:\/\/ousortirfrance.com\/lyon\/\",\"logo\":{\"@type\":\"ImageObject\",\"inLanguage\":\"fr-FR\",\"@id\":\"https:\/\/ousortirfrance.com\/lyon\/#\/schema\/logo\/image\/\",\"url\":\"https:\/\/ousortirfrance.com\/lyon\/wp-content\/uploads\/sites\/8\/2025\/05\/LYON-svg-blanc.svg\",\"contentUrl\":\"https:\/\/ousortirfrance.com\/lyon\/wp-content\/uploads\/sites\/8\/2025\/05\/LYON-svg-blanc.svg\",\"width\":1066,\"height\":585,\"caption\":\"O\u00f9 Sortir ? Lyon\"},\"image\":{\"@id\":\"https:\/\/ousortirfrance.com\/lyon\/#\/schema\/logo\/image\/\"}}]}<\/script>\n<!-- \/ Yoast SEO plugin. -->","yoast_head_json":{"title":"Balades - O\u00f9 Sortir ? Lyon","robots":{"index":"index","follow":"follow","max-snippet":"max-snippet:-1","max-image-preview":"max-image-preview:large","max-video-preview":"max-video-preview:-1"},"canonical":"https:\/\/ousortirfrance.com\/lyon\/balades\/","og_locale":"fr_FR","og_type":"article","og_title":"Balades - O\u00f9 Sortir ? Lyon","og_description":"Se promener dans Lyon Rep\u00e9rez vos futures balades en plein c\u0153ur de la ville ou en p\u00e9riph\u00e9rie, dans les ruelles ou immerg\u00e9 dans un immense parc. Grand Parc Miribel Balades En savoir plus Le Jardin des Curiosit\u00e9s Balades En savoir plus Les Traboules lyonnaises Balades En savoir plus Parc de la T\u00eate d&rsquo;Or Balades En &hellip; Antonio et Marco Lire la suite\u00a0\u00bb","og_url":"https:\/\/ousortirfrance.com\/lyon\/balades\/","og_site_name":"O\u00f9 Sortir ? Lyon","article_modified_time":"2023-12-21T09:50:16+00:00","og_image":[{"url":"https:\/\/ousortirfrance.com\/lyon\/wp-content\/uploads\/sites\/8\/2021\/10\/ou-se-baigner-pres-de-lyon-miribel-jonage.png"}],"twitter_card":"summary_large_image","twitter_misc":{"Dur\u00e9e de lecture estim\u00e9e":"2 minutes"},"schema":{"@context":"https:\/\/schema.org","@graph":[{"@type":"WebPage","@id":"https:\/\/ousortirfrance.com\/lyon\/balades\/","url":"https:\/\/ousortirfrance.com\/lyon\/balades\/","name":"Balades - O\u00f9 Sortir ? Lyon","isPartOf":{"@id":"https:\/\/ousortirfrance.com\/lyon\/#website"},"datePublished":"2021-12-17T08:03:15+00:00","dateModified":"2023-12-21T09:50:16+00:00","breadcrumb":{"@id":"https:\/\/ousortirfrance.com\/lyon\/balades\/#breadcrumb"},"inLanguage":"fr-FR","potentialAction":[{"@type":"ReadAction","target":["https:\/\/ousortirfrance.com\/lyon\/balades\/"]}]},{"@type":"BreadcrumbList","@id":"https:\/\/ousortirfrance.com\/lyon\/balades\/#breadcrumb","itemListElement":[{"@type":"ListItem","position":1,"name":"Accueil","item":"https:\/\/ousortirfrance.com\/lyon\/"},{"@type":"ListItem","position":2,"name":"Balades"}]},{"@type":"WebSite","@id":"https:\/\/ousortirfrance.com\/lyon\/#website","url":"https:\/\/ousortirfrance.com\/lyon\/","name":"O\u00f9 Sortir ? Lyon","description":"Un site utilisant O\u00f9 Sortir ? France","publisher":{"@id":"https:\/\/ousortirfrance.com\/lyon\/#organization"},"potentialAction":[{"@type":"SearchAction","target":{"@type":"EntryPoint","urlTemplate":"https:\/\/ousortirfrance.com\/lyon\/?s={search_term_string}"},"query-input":"required name=search_term_string"}],"inLanguage":"fr-FR"},{"@type":"Organization","@id":"https:\/\/ousortirfrance.com\/lyon\/#organization","name":"O\u00f9 Sortir ? Lyon","url":"https:\/\/ousortirfrance.com\/lyon\/","logo":{"@type":"ImageObject","inLanguage":"fr-FR","@id":"https:\/\/ousortirfrance.com\/lyon\/#\/schema\/logo\/image\/","url":"https:\/\/ousortirfrance.com\/lyon\/wp-content\/uploads\/sites\/8\/2025\/05\/LYON-svg-blanc.svg","contentUrl":"https:\/\/ousortirfrance.com\/lyon\/wp-content\/uploads\/sites\/8\/2025\/05\/LYON-svg-blanc.svg","width":1066,"height":585,"caption":"O\u00f9 Sortir ? Lyon"},"image":{"@id":"https:\/\/ousortirfrance.com\/lyon\/#\/schema\/logo\/image\/"}}]}},"_links":{"self":[{"href":"https:\/\/ousortirfrance.com\/lyon\/wp-json\/wp\/v2\/pages\/14"}],"collection":[{"href":"https:\/\/ousortirfrance.com\/lyon\/wp-json\/wp\/v2\/pages"}],"about":[{"href":"https:\/\/ousortirfrance.com\/lyon\/wp-json\/wp\/v2\/types\/page"}],"author":[{"embeddable":true,"href":"https:\/\/ousortirfrance.com\/lyon\/wp-json\/wp\/v2\/users\/1"}],"replies":[{"embeddable":true,"href":"https:\/\/ousortirfrance.com\/lyon\/wp-json\/wp\/v2\/comments?post=14"}],"version-history":[{"count":61,"href":"https:\/\/ousortirfrance.com\/lyon\/wp-json\/wp\/v2\/pages\/14\/revisions"}],"predecessor-version":[{"id":13587,"href":"https:\/\/ousortirfrance.com\/lyon\/wp-json\/wp\/v2\/pages\/14\/revisions\/13587"}],"wp:attachment":[{"href":"https:\/\/ousortirfrance.com\/lyon\/wp-json\/wp\/v2\/media?parent=14"}],"curies":[{"name":"wp","href":"https:\/\/api.w.org\/{rel}","templated":true}]}}