{"id":20,"date":"2021-12-17T09:03:54","date_gmt":"2021-12-17T08:03:54","guid":{"rendered":"http:\/\/whoolchip.local\/saint-etienne\/?page_id=20"},"modified":"2023-12-06T15:34:44","modified_gmt":"2023-12-06T14:34:44","slug":"shop","status":"publish","type":"page","link":"https:\/\/ousortirfrance.com\/sainte\/shop\/","title":{"rendered":"Shop"},"content":{"rendered":"\t\t<div data-elementor-type=\"wp-page\" data-elementor-id=\"20\" class=\"elementor elementor-20\">\n\t\t\t\t\t\t\t\t\t<section class=\"elementor-section elementor-top-section elementor-element elementor-element-3db611ef elementor-section-boxed elementor-section-height-default elementor-section-height-default\" data-id=\"3db611ef\" data-element_type=\"section\" data-settings=\"{&quot;background_background&quot;:&quot;classic&quot;}\">\n\t\t\t\t\t\t\t<div class=\"elementor-background-overlay\"><\/div>\n\t\t\t\t\t\t\t<div class=\"elementor-container elementor-column-gap-default\">\n\t\t\t\t\t<div class=\"elementor-column elementor-col-100 elementor-top-column elementor-element elementor-element-235d6c4c\" data-id=\"235d6c4c\" data-element_type=\"column\">\n\t\t\t<div class=\"elementor-widget-wrap elementor-element-populated\">\n\t\t\t\t\t\t\t\t<div class=\"elementor-element elementor-element-1e86da18 elementor-widget elementor-widget-heading\" data-id=\"1e86da18\" data-element_type=\"widget\" data-widget_type=\"heading.default\">\n\t\t\t\t<div class=\"elementor-widget-container\">\n\t\t\t<style>\/*! elementor - v3.13.3 - 28-05-2023 *\/\n.elementor-heading-title{padding:0;margin:0;line-height:1}.elementor-widget-heading .elementor-heading-title[class*=elementor-size-]>a{color:inherit;font-size:inherit;line-height:inherit}.elementor-widget-heading .elementor-heading-title.elementor-size-small{font-size:15px}.elementor-widget-heading .elementor-heading-title.elementor-size-medium{font-size:19px}.elementor-widget-heading .elementor-heading-title.elementor-size-large{font-size:29px}.elementor-widget-heading .elementor-heading-title.elementor-size-xl{font-size:39px}.elementor-widget-heading .elementor-heading-title.elementor-size-xxl{font-size:59px}<\/style><h1 class=\"elementor-heading-title elementor-size-default\">Shopper \u00e0 Saint-\u00c9tienne<\/h1>\t\t<\/div>\n\t\t\t\t<\/div>\n\t\t\t\t\t<\/div>\n\t\t<\/div>\n\t\t\t\t\t\t\t<\/div>\n\t\t<\/section>\n\t\t\t\t<section class=\"elementor-section elementor-top-section elementor-element elementor-element-6f7dfd99 elementor-section-boxed elementor-section-height-default elementor-section-height-default\" data-id=\"6f7dfd99\" data-element_type=\"section\">\n\t\t\t\t\t\t<div class=\"elementor-container elementor-column-gap-default\">\n\t\t\t\t\t<div class=\"elementor-column elementor-col-100 elementor-top-column elementor-element elementor-element-6a853cf3\" data-id=\"6a853cf3\" data-element_type=\"column\">\n\t\t\t<div class=\"elementor-widget-wrap elementor-element-populated\">\n\t\t\t\t\t\t\t\t<div class=\"elementor-element elementor-element-1fc374e elementor-widget elementor-widget-cv_post\" data-id=\"1fc374e\" data-element_type=\"widget\" data-settings=\"{&quot;background_background&quot;:&quot;classic&quot;}\" data-widget_type=\"cv_post.default\">\n\t\t\t\t<div class=\"elementor-widget-container\">\n\t\t\t<div class=\"cv-posts grid-img-bg col-4\"><article class=\"post-item\"><div class=\"post-img\"><div class=\"logo-society\"><img decoding=\"async\" src=\"https:\/\/ousortirfrance.com\/sainte\/wp-content\/uploads\/sites\/2\/2022\/12\/images.png\" alt=\"Les Coursiers St\u00e9phanois\"><\/div><span class=\"elementor-background-overlay\"><\/span><img width=\"1536\" height=\"2048\" src=\"https:\/\/ousortirfrance.com\/sainte\/wp-content\/uploads\/sites\/2\/2022\/12\/WhatsApp-Image-2022-10-04-at-16.53.04.jpeg\" class=\"attachment-blog size-blog wp-post-image\" alt=\"Vins Marcon, Saint-\u00c9tienne M\u00e9ons\" decoding=\"async\" loading=\"lazy\" itemprop=\"image\" srcset=\"https:\/\/ousortirfrance.com\/sainte\/wp-content\/uploads\/sites\/2\/2022\/12\/WhatsApp-Image-2022-10-04-at-16.53.04.jpeg 1536w, https:\/\/ousortirfrance.com\/sainte\/wp-content\/uploads\/sites\/2\/2022\/12\/WhatsApp-Image-2022-10-04-at-16.53.04-225x300.jpeg 225w, https:\/\/ousortirfrance.com\/sainte\/wp-content\/uploads\/sites\/2\/2022\/12\/WhatsApp-Image-2022-10-04-at-16.53.04-768x1024.jpeg 768w, https:\/\/ousortirfrance.com\/sainte\/wp-content\/uploads\/sites\/2\/2022\/12\/WhatsApp-Image-2022-10-04-at-16.53.04-1152x1536.jpeg 1152w\" sizes=\"(max-width: 1536px) 100vw, 1536px\" \/><\/div><div class=\"post-info\"><h2 class=\"title\">Vins Marcon<\/h2><div><div class=\"read-more\"><span class=\"elementor-button-content-wrapper\"><span class=\"elementor-button-text\">En savoir plus<\/span><\/span><\/div><\/div><\/div><a href=\"https:\/\/ousortirfrance.com\/sainte\/shop\/vins-marcon\/\" title=\"Vins Marcon\" class=\"post-link\"><\/a><\/article><article class=\"post-item\" data-category=\"shop\"><div class=\"post-img\"><span class=\"elementor-background-overlay\"><\/span><img width=\"750\" height=\"499\" src=\"https:\/\/ousortirfrance.com\/sainte\/wp-content\/uploads\/sites\/2\/2021\/12\/73042479_139277350699986_4292357418178873222_n-1.jpg\" class=\"attachment-blog size-blog wp-post-image\" alt=\"Weiss chocolat\" decoding=\"async\" loading=\"lazy\" itemprop=\"image\" srcset=\"https:\/\/ousortirfrance.com\/sainte\/wp-content\/uploads\/sites\/2\/2021\/12\/73042479_139277350699986_4292357418178873222_n-1.jpg 750w, https:\/\/ousortirfrance.com\/sainte\/wp-content\/uploads\/sites\/2\/2021\/12\/73042479_139277350699986_4292357418178873222_n-1-300x200.jpg 300w\" sizes=\"(max-width: 750px) 100vw, 750px\" \/><\/div><div class=\"post-info\"><h2 class=\"title\">Chocolat Weiss<\/h2><p class=\"post-categories\"><span class=\"img-cat\" style=\"background:#c72422;\"><img decoding=\"async\" src=\"https:\/\/ousortirfrance.com\/sainte\/wp-content\/uploads\/sites\/2\/2022\/02\/shop_sans_fond.png\" alt=\"Shop\" \/><\/span><span>Shop<\/span><\/p><div><div class=\"read-more\"><span class=\"elementor-button-content-wrapper\"><span class=\"elementor-button-text\">En savoir plus<\/span><\/span><\/div><\/div><\/div><a href=\"https:\/\/ousortirfrance.com\/sainte\/shop\/chocolat-weiss\/\" title=\"Chocolat Weiss\" class=\"post-link\"><\/a><\/article><article class=\"post-item\" data-category=\"shop\"><div class=\"post-img\"><span class=\"elementor-background-overlay\"><\/span><img width=\"1080\" height=\"645\" src=\"https:\/\/ousortirfrance.com\/sainte\/wp-content\/uploads\/sites\/2\/2021\/11\/75318260_135243980776458_8791968722348383424_n-1.jpg\" class=\"attachment-blog size-blog wp-post-image\" alt=\"\" decoding=\"async\" loading=\"lazy\" itemprop=\"image\" srcset=\"https:\/\/ousortirfrance.com\/sainte\/wp-content\/uploads\/sites\/2\/2021\/11\/75318260_135243980776458_8791968722348383424_n-1.jpg 1080w, https:\/\/ousortirfrance.com\/sainte\/wp-content\/uploads\/sites\/2\/2021\/11\/75318260_135243980776458_8791968722348383424_n-1-300x179.jpg 300w, https:\/\/ousortirfrance.com\/sainte\/wp-content\/uploads\/sites\/2\/2021\/11\/75318260_135243980776458_8791968722348383424_n-1-1024x612.jpg 1024w, https:\/\/ousortirfrance.com\/sainte\/wp-content\/uploads\/sites\/2\/2021\/11\/75318260_135243980776458_8791968722348383424_n-1-768x459.jpg 768w\" sizes=\"(max-width: 1080px) 100vw, 1080px\" \/><\/div><div class=\"post-info\"><h2 class=\"title\">Au Tapis vert<\/h2><p class=\"post-categories\"><span class=\"img-cat\" style=\"background:#c72422;\"><img decoding=\"async\" src=\"https:\/\/ousortirfrance.com\/sainte\/wp-content\/uploads\/sites\/2\/2022\/02\/shop_sans_fond.png\" alt=\"Shop\" \/><\/span><span>Shop<\/span><\/p><div><div class=\"read-more\"><span class=\"elementor-button-content-wrapper\"><span class=\"elementor-button-text\">En savoir plus<\/span><\/span><\/div><\/div><\/div><a href=\"https:\/\/ousortirfrance.com\/sainte\/shop\/au-tapis-vert\/\" title=\"Au Tapis vert\" class=\"post-link\"><\/a><\/article><article class=\"post-item\" data-category=\"shop\"><div class=\"post-img\"><span class=\"elementor-background-overlay\"><\/span><img width=\"1080\" height=\"1350\" src=\"https:\/\/ousortirfrance.com\/sainte\/wp-content\/uploads\/sites\/2\/2021\/11\/121673797_2819156064984842_2498234852373111238_n-1.jpg\" class=\"attachment-blog size-blog wp-post-image\" alt=\"boutique d&#039;Art de vivre \u00e0 saint\u00e9 etienne\" decoding=\"async\" loading=\"lazy\" itemprop=\"image\" srcset=\"https:\/\/ousortirfrance.com\/sainte\/wp-content\/uploads\/sites\/2\/2021\/11\/121673797_2819156064984842_2498234852373111238_n-1.jpg 1080w, https:\/\/ousortirfrance.com\/sainte\/wp-content\/uploads\/sites\/2\/2021\/11\/121673797_2819156064984842_2498234852373111238_n-1-240x300.jpg 240w, https:\/\/ousortirfrance.com\/sainte\/wp-content\/uploads\/sites\/2\/2021\/11\/121673797_2819156064984842_2498234852373111238_n-1-819x1024.jpg 819w, https:\/\/ousortirfrance.com\/sainte\/wp-content\/uploads\/sites\/2\/2021\/11\/121673797_2819156064984842_2498234852373111238_n-1-768x960.jpg 768w\" sizes=\"(max-width: 1080px) 100vw, 1080px\" \/><\/div><div class=\"post-info\"><h2 class=\"title\">B\u00d8DO<\/h2><p class=\"post-categories\"><span class=\"img-cat\" style=\"background:#c72422;\"><img decoding=\"async\" src=\"https:\/\/ousortirfrance.com\/sainte\/wp-content\/uploads\/sites\/2\/2022\/02\/shop_sans_fond.png\" alt=\"Shop\" \/><\/span><span>Shop<\/span><\/p><div><div class=\"read-more\"><span class=\"elementor-button-content-wrapper\"><span class=\"elementor-button-text\">En savoir plus<\/span><\/span><\/div><\/div><\/div><a href=\"https:\/\/ousortirfrance.com\/sainte\/shop\/bodo\/\" title=\"B\u00d8DO\" class=\"post-link\"><\/a><\/article><article class=\"post-item\" data-category=\"shop\"><div class=\"post-img\"><span class=\"elementor-background-overlay\"><\/span><img width=\"768\" height=\"570\" src=\"https:\/\/ousortirfrance.com\/sainte\/wp-content\/uploads\/sites\/2\/2021\/12\/M2.jpg\" class=\"attachment-blog size-blog wp-post-image\" alt=\"Mu M\u00e9li M\u00e9lodie\" decoding=\"async\" loading=\"lazy\" itemprop=\"image\" srcset=\"https:\/\/ousortirfrance.com\/sainte\/wp-content\/uploads\/sites\/2\/2021\/12\/M2.jpg 768w, https:\/\/ousortirfrance.com\/sainte\/wp-content\/uploads\/sites\/2\/2021\/12\/M2-300x223.jpg 300w\" sizes=\"(max-width: 768px) 100vw, 768px\" \/><\/div><div class=\"post-info\"><h2 class=\"title\">M\u00e9li M\u00e9lodie<\/h2><p class=\"post-categories\"><span class=\"img-cat\" style=\"background:#c72422;\"><img decoding=\"async\" src=\"https:\/\/ousortirfrance.com\/sainte\/wp-content\/uploads\/sites\/2\/2022\/02\/shop_sans_fond.png\" alt=\"Shop\" \/><\/span><span>Shop<\/span><\/p><div><div class=\"read-more\"><span class=\"elementor-button-content-wrapper\"><span class=\"elementor-button-text\">En savoir plus<\/span><\/span><\/div><\/div><\/div><a href=\"https:\/\/ousortirfrance.com\/sainte\/shop\/meli-melodie\/\" title=\"M\u00e9li M\u00e9lodie\" class=\"post-link\"><\/a><\/article><article class=\"post-item\" data-category=\"shop\"><div class=\"post-img\"><span class=\"elementor-background-overlay\"><\/span><img width=\"2560\" height=\"1704\" src=\"https:\/\/ousortirfrance.com\/sainte\/wp-content\/uploads\/sites\/2\/2023\/03\/N30-min-scaled.jpg\" class=\"attachment-blog size-blog wp-post-image\" alt=\"Devanture Vrac en Vert Saint-\u00c9tienne rue de la R\u00e9publique\" decoding=\"async\" loading=\"lazy\" itemprop=\"image\" srcset=\"https:\/\/ousortirfrance.com\/sainte\/wp-content\/uploads\/sites\/2\/2023\/03\/N30-min-scaled.jpg 2560w, https:\/\/ousortirfrance.com\/sainte\/wp-content\/uploads\/sites\/2\/2023\/03\/N30-min-300x200.jpg 300w, https:\/\/ousortirfrance.com\/sainte\/wp-content\/uploads\/sites\/2\/2023\/03\/N30-min-1024x682.jpg 1024w, https:\/\/ousortirfrance.com\/sainte\/wp-content\/uploads\/sites\/2\/2023\/03\/N30-min-768x511.jpg 768w, https:\/\/ousortirfrance.com\/sainte\/wp-content\/uploads\/sites\/2\/2023\/03\/N30-min-1536x1022.jpg 1536w, https:\/\/ousortirfrance.com\/sainte\/wp-content\/uploads\/sites\/2\/2023\/03\/N30-min-2048x1363.jpg 2048w\" sizes=\"(max-width: 2560px) 100vw, 2560px\" \/><\/div><div class=\"post-info\"><h2 class=\"title\">Vrac en Vert<\/h2><p class=\"post-categories\"><span class=\"img-cat\" style=\"background:#c72422;\"><img decoding=\"async\" src=\"https:\/\/ousortirfrance.com\/sainte\/wp-content\/uploads\/sites\/2\/2022\/02\/shop_sans_fond.png\" alt=\"Shop\" \/><\/span><span>Shop<\/span><\/p><div><div class=\"read-more\"><span class=\"elementor-button-content-wrapper\"><span class=\"elementor-button-text\">En savoir plus<\/span><\/span><\/div><\/div><\/div><a href=\"https:\/\/ousortirfrance.com\/sainte\/shop\/vrac-en-vert\/\" title=\"Vrac en Vert\" class=\"post-link\"><\/a><\/article><article class=\"add-place\"><span class=\"elementor-background-overlay\"><\/span><p class=\"title-place\">Sugg\u00e9rez votre lieu favori<\/p><a href=\"https:\/\/docs.google.com\/forms\/d\/e\/1FAIpQLSc_D2FFqaJXAnkvs5W_WMUAMkwJuNx_hXAivrIv0edEVZSjYw\/viewform\" target=\"_blank\" rel=\"nofollow\" title=\"Sugg\u00e9rez votre lieu favori\" class=\"post-link\"><\/a><\/article><\/div>\t\t<\/div>\n\t\t\t\t<\/div>\n\t\t\t\t\t<\/div>\n\t\t<\/div>\n\t\t\t\t\t\t\t<\/div>\n\t\t<\/section>\n\t\t\t\t\t\t\t<\/div>\n\t\t","protected":false},"excerpt":{"rendered":"<p>Shopper \u00e0 Saint-\u00c9tienne Vins Marcon En savoir plus Chocolat Weiss Shop En savoir plus Au Tapis vert Shop En savoir plus B\u00d8DO Shop En savoir plus M\u00e9li M\u00e9lodie Shop En savoir plus Vrac en Vert Shop En savoir plus Sugg\u00e9rez votre lieu favori<\/p>\n","protected":false},"author":1,"featured_media":0,"parent":0,"menu_order":0,"comment_status":"closed","ping_status":"closed","template":"","meta":{"site-sidebar-layout":"no-sidebar","site-content-layout":"page-builder","ast-global-header-display":"","ast-banner-title-visibility":"","ast-main-header-display":"","ast-hfb-above-header-display":"","ast-hfb-below-header-display":"","ast-hfb-mobile-header-display":"","site-post-title":"disabled","ast-breadcrumbs-content":"","ast-featured-img":"disabled","footer-sml-layout":"","theme-transparent-header-meta":"","adv-header-id-meta":"","stick-header-meta":"","header-above-stick-meta":"","header-main-stick-meta":"","header-below-stick-meta":""},"yoast_head":"<!-- This site is optimized with the Yoast SEO plugin v20.9 - https:\/\/yoast.com\/wordpress\/plugins\/seo\/ -->\n<title>Shop - O\u00f9 Sortir ? Saint\u00e9<\/title>\n<meta name=\"description\" content=\"Shop - O\u00f9 Sortir ? Saint\u00e9\" \/>\n<meta name=\"robots\" content=\"index, follow, max-snippet:-1, max-image-preview:large, max-video-preview:-1\" \/>\n<link rel=\"canonical\" href=\"https:\/\/ousortirfrance.com\/sainte\/shop\/\" \/>\n<meta property=\"og:locale\" content=\"fr_FR\" \/>\n<meta property=\"og:type\" content=\"article\" \/>\n<meta property=\"og:title\" content=\"Shop - O\u00f9 Sortir ? Saint\u00e9\" \/>\n<meta property=\"og:description\" content=\"Shop - O\u00f9 Sortir ? Saint\u00e9\" \/>\n<meta property=\"og:url\" content=\"https:\/\/ousortirfrance.com\/sainte\/shop\/\" \/>\n<meta property=\"og:site_name\" content=\"O\u00f9 Sortir ? Saint\u00e9\" \/>\n<meta property=\"article:modified_time\" content=\"2023-12-06T14:34:44+00:00\" \/>\n<meta property=\"og:image\" content=\"https:\/\/ousortirfrance.com\/sainte\/wp-content\/uploads\/sites\/2\/2022\/12\/images.png\" \/>\n<meta name=\"twitter:card\" content=\"summary_large_image\" \/>\n<meta name=\"twitter:label1\" content=\"Dur\u00e9e de lecture estim\u00e9e\" \/>\n\t<meta name=\"twitter:data1\" content=\"3 minutes\" \/>\n<script type=\"application\/ld+json\" class=\"yoast-schema-graph\">{\"@context\":\"https:\/\/schema.org\",\"@graph\":[{\"@type\":\"WebPage\",\"@id\":\"https:\/\/ousortirfrance.com\/sainte\/shop\/\",\"url\":\"https:\/\/ousortirfrance.com\/sainte\/shop\/\",\"name\":\"Shop - O\u00f9 Sortir ? Saint\u00e9\",\"isPartOf\":{\"@id\":\"https:\/\/ousortirfrance.com\/sainte\/#website\"},\"datePublished\":\"2021-12-17T08:03:54+00:00\",\"dateModified\":\"2023-12-06T14:34:44+00:00\",\"description\":\"Shop - O\u00f9 Sortir ? Saint\u00e9\",\"breadcrumb\":{\"@id\":\"https:\/\/ousortirfrance.com\/sainte\/shop\/#breadcrumb\"},\"inLanguage\":\"fr-FR\",\"potentialAction\":[{\"@type\":\"ReadAction\",\"target\":[\"https:\/\/ousortirfrance.com\/sainte\/shop\/\"]}]},{\"@type\":\"BreadcrumbList\",\"@id\":\"https:\/\/ousortirfrance.com\/sainte\/shop\/#breadcrumb\",\"itemListElement\":[{\"@type\":\"ListItem\",\"position\":1,\"name\":\"Accueil\",\"item\":\"https:\/\/ousortirfrance.com\/sainte\/\"},{\"@type\":\"ListItem\",\"position\":2,\"name\":\"Shop\"}]},{\"@type\":\"WebSite\",\"@id\":\"https:\/\/ousortirfrance.com\/sainte\/#website\",\"url\":\"https:\/\/ousortirfrance.com\/sainte\/\",\"name\":\"O\u00f9 Sortir ? Saint\u00e9\",\"description\":\"Trouver o\u00f9 sortir sur Saint-\u00c9tienne\",\"publisher\":{\"@id\":\"https:\/\/ousortirfrance.com\/sainte\/#organization\"},\"potentialAction\":[{\"@type\":\"SearchAction\",\"target\":{\"@type\":\"EntryPoint\",\"urlTemplate\":\"https:\/\/ousortirfrance.com\/sainte\/?s={search_term_string}\"},\"query-input\":\"required name=search_term_string\"}],\"inLanguage\":\"fr-FR\"},{\"@type\":\"Organization\",\"@id\":\"https:\/\/ousortirfrance.com\/sainte\/#organization\",\"name\":\"Ou sortir ? Saint\u00e9\",\"url\":\"https:\/\/ousortirfrance.com\/sainte\/\",\"logo\":{\"@type\":\"ImageObject\",\"inLanguage\":\"fr-FR\",\"@id\":\"https:\/\/ousortirfrance.com\/sainte\/#\/schema\/logo\/image\/\",\"url\":\"https:\/\/ousortirfrance.com\/sainte\/wp-content\/uploads\/sites\/2\/2021\/12\/cropped-Ou-SOrtir-Sainte.png\",\"contentUrl\":\"https:\/\/ousortirfrance.com\/sainte\/wp-content\/uploads\/sites\/2\/2021\/12\/cropped-Ou-SOrtir-Sainte.png\",\"width\":512,\"height\":512,\"caption\":\"Ou sortir ? Saint\u00e9\"},\"image\":{\"@id\":\"https:\/\/ousortirfrance.com\/sainte\/#\/schema\/logo\/image\/\"}}]}<\/script>\n<!-- \/ Yoast SEO plugin. -->","yoast_head_json":{"title":"Shop - O\u00f9 Sortir ? Saint\u00e9","description":"Shop - O\u00f9 Sortir ? Saint\u00e9","robots":{"index":"index","follow":"follow","max-snippet":"max-snippet:-1","max-image-preview":"max-image-preview:large","max-video-preview":"max-video-preview:-1"},"canonical":"https:\/\/ousortirfrance.com\/sainte\/shop\/","og_locale":"fr_FR","og_type":"article","og_title":"Shop - O\u00f9 Sortir ? Saint\u00e9","og_description":"Shop - O\u00f9 Sortir ? Saint\u00e9","og_url":"https:\/\/ousortirfrance.com\/sainte\/shop\/","og_site_name":"O\u00f9 Sortir ? Saint\u00e9","article_modified_time":"2023-12-06T14:34:44+00:00","og_image":[{"url":"https:\/\/ousortirfrance.com\/sainte\/wp-content\/uploads\/sites\/2\/2022\/12\/images.png"}],"twitter_card":"summary_large_image","twitter_misc":{"Dur\u00e9e de lecture estim\u00e9e":"3 minutes"},"schema":{"@context":"https:\/\/schema.org","@graph":[{"@type":"WebPage","@id":"https:\/\/ousortirfrance.com\/sainte\/shop\/","url":"https:\/\/ousortirfrance.com\/sainte\/shop\/","name":"Shop - O\u00f9 Sortir ? Saint\u00e9","isPartOf":{"@id":"https:\/\/ousortirfrance.com\/sainte\/#website"},"datePublished":"2021-12-17T08:03:54+00:00","dateModified":"2023-12-06T14:34:44+00:00","description":"Shop - O\u00f9 Sortir ? Saint\u00e9","breadcrumb":{"@id":"https:\/\/ousortirfrance.com\/sainte\/shop\/#breadcrumb"},"inLanguage":"fr-FR","potentialAction":[{"@type":"ReadAction","target":["https:\/\/ousortirfrance.com\/sainte\/shop\/"]}]},{"@type":"BreadcrumbList","@id":"https:\/\/ousortirfrance.com\/sainte\/shop\/#breadcrumb","itemListElement":[{"@type":"ListItem","position":1,"name":"Accueil","item":"https:\/\/ousortirfrance.com\/sainte\/"},{"@type":"ListItem","position":2,"name":"Shop"}]},{"@type":"WebSite","@id":"https:\/\/ousortirfrance.com\/sainte\/#website","url":"https:\/\/ousortirfrance.com\/sainte\/","name":"O\u00f9 Sortir ? Saint\u00e9","description":"Trouver o\u00f9 sortir sur Saint-\u00c9tienne","publisher":{"@id":"https:\/\/ousortirfrance.com\/sainte\/#organization"},"potentialAction":[{"@type":"SearchAction","target":{"@type":"EntryPoint","urlTemplate":"https:\/\/ousortirfrance.com\/sainte\/?s={search_term_string}"},"query-input":"required name=search_term_string"}],"inLanguage":"fr-FR"},{"@type":"Organization","@id":"https:\/\/ousortirfrance.com\/sainte\/#organization","name":"Ou sortir ? Saint\u00e9","url":"https:\/\/ousortirfrance.com\/sainte\/","logo":{"@type":"ImageObject","inLanguage":"fr-FR","@id":"https:\/\/ousortirfrance.com\/sainte\/#\/schema\/logo\/image\/","url":"https:\/\/ousortirfrance.com\/sainte\/wp-content\/uploads\/sites\/2\/2021\/12\/cropped-Ou-SOrtir-Sainte.png","contentUrl":"https:\/\/ousortirfrance.com\/sainte\/wp-content\/uploads\/sites\/2\/2021\/12\/cropped-Ou-SOrtir-Sainte.png","width":512,"height":512,"caption":"Ou sortir ? Saint\u00e9"},"image":{"@id":"https:\/\/ousortirfrance.com\/sainte\/#\/schema\/logo\/image\/"}}]}},"_links":{"self":[{"href":"https:\/\/ousortirfrance.com\/sainte\/wp-json\/wp\/v2\/pages\/20"}],"collection":[{"href":"https:\/\/ousortirfrance.com\/sainte\/wp-json\/wp\/v2\/pages"}],"about":[{"href":"https:\/\/ousortirfrance.com\/sainte\/wp-json\/wp\/v2\/types\/page"}],"author":[{"embeddable":true,"href":"https:\/\/ousortirfrance.com\/sainte\/wp-json\/wp\/v2\/users\/1"}],"replies":[{"embeddable":true,"href":"https:\/\/ousortirfrance.com\/sainte\/wp-json\/wp\/v2\/comments?post=20"}],"version-history":[{"count":40,"href":"https:\/\/ousortirfrance.com\/sainte\/wp-json\/wp\/v2\/pages\/20\/revisions"}],"predecessor-version":[{"id":12065,"href":"https:\/\/ousortirfrance.com\/sainte\/wp-json\/wp\/v2\/pages\/20\/revisions\/12065"}],"wp:attachment":[{"href":"https:\/\/ousortirfrance.com\/sainte\/wp-json\/wp\/v2\/media?parent=20"}],"curies":[{"name":"wp","href":"https:\/\/api.w.org\/{rel}","templated":true}]}}